{"id":29,"date":"2021-02-19T02:08:03","date_gmt":"2021-02-19T02:08:03","guid":{"rendered":"http:\/\/innerbeat.online\/?page_id=29"},"modified":"2023-06-04T17:54:47","modified_gmt":"2023-06-04T17:54:47","slug":"home","status":"publish","type":"page","link":"https:\/\/innerbeat.online\/","title":{"rendered":"Home"},"content":{"rendered":"\n<div class=\"wp-block-group\"><div class=\"wp-block-group__inner-container is-layout-constrained wp-block-group-is-layout-constrained\">\n<div class=\"wp-block-cover is-light\"><span aria-hidden=\"true\" class=\"wp-block-cover__background has-white-background-color has-background-dim-100 has-background-dim\"><\/span><div class=\"wp-block-cover__inner-container is-layout-flow wp-block-cover-is-layout-flow\">\n<h2 id=\"innerbeat\" class=\"wp-block-themeisle-blocks-advanced-heading innerbeat\">INNERBEAT<\/h2>\n\n\n\n<div class=\"wp-block-media-text alignwide is-stacked-on-mobile\" style=\"grid-template-columns:37% auto\"><figure class=\"wp-block-media-text__media\"><img loading=\"lazy\" decoding=\"async\" width=\"731\" height=\"1024\" src=\"https:\/\/innerbeat.online\/wp-content\/uploads\/2023\/03\/WhatsApp-Image-2023-03-31-at-14.52.05-731x1024.jpeg\" alt=\"\" class=\"wp-image-3947 size-full\" srcset=\"https:\/\/innerbeat.online\/wp-content\/uploads\/2023\/03\/WhatsApp-Image-2023-03-31-at-14.52.05-731x1024.jpeg 731w, https:\/\/innerbeat.online\/wp-content\/uploads\/2023\/03\/WhatsApp-Image-2023-03-31-at-14.52.05-214x300.jpeg 214w, https:\/\/innerbeat.online\/wp-content\/uploads\/2023\/03\/WhatsApp-Image-2023-03-31-at-14.52.05-768x1076.jpeg 768w, https:\/\/innerbeat.online\/wp-content\/uploads\/2023\/03\/WhatsApp-Image-2023-03-31-at-14.52.05-1096x1536.jpeg 1096w, https:\/\/innerbeat.online\/wp-content\/uploads\/2023\/03\/WhatsApp-Image-2023-03-31-at-14.52.05.jpeg 1142w\" sizes=\"auto, (max-width: 731px) 100vw, 731px\" \/><\/figure><div class=\"wp-block-media-text__content\">\n<h2 id=\"wp-block-themeisle-blocks-advanced-heading-72530124\" class=\"wp-block-themeisle-blocks-advanced-heading wp-block-themeisle-blocks-advanced-heading-72530124\"><br><strong>INNERBEAT es una plataforma de entrenamiento funcional donde se realizan movimientos naturales del cuerpo humano para trabajar de manera global m\u00fasculos y articulaciones con poco material y desde la comodidad de tu casa. Nuestros videos son diferentes todos los d\u00edas y est\u00e1n perfectamente planificados para que durante la semana trabajes todo el cuerpo de manera integral. Con cualquiera de nuestros planes tendr\u00e1s acceso a todas nuestras rutinas y un calendario que te ayudar\u00e1 a entrenar de manera ordenada y equilibrada para optimizar tus resultados. &nbsp;<\/strong><\/h2>\n<\/div><\/div>\n<\/div><\/div>\n<\/div><\/div>\n\n\n\n<div class=\"wp-block-group\"><div class=\"wp-block-group__inner-container is-layout-constrained wp-block-group-is-layout-constrained\">\n<div class=\"wp-block-cover is-light\" style=\"min-height:632px;aspect-ratio:unset;\"><span aria-hidden=\"true\" class=\"wp-block-cover__background has-white-background-color has-background-dim-100 has-background-dim\"><\/span><div class=\"wp-block-cover__inner-container is-layout-flow wp-block-cover-is-layout-flow\">\n<h2 id=\"wp-block-themeisle-blocks-advanced-heading-817b887c\" class=\"wp-block-themeisle-blocks-advanced-heading wp-block-themeisle-blocks-advanced-heading-817b887c\">BENEFICIOS<\/h2>\n\n\n\n<div class=\"wp-block-media-text alignwide has-media-on-the-right is-stacked-on-mobile\" style=\"grid-template-columns:auto 38%\"><div class=\"wp-block-media-text__content\">\n<h2 id=\"wp-block-themeisle-blocks-advanced-heading-a45b9a56\" class=\"wp-block-themeisle-blocks-advanced-heading wp-block-themeisle-blocks-advanced-heading-a45b9a56\"><br>Mejora la movilidad corporal, la salud cardiovascular, fortalece masa muscular y ayuda a la p\u00e9rdida de grasa; con nosotros todo esto de una manera divertida y muy eficiente<\/h2>\n<\/div><figure class=\"wp-block-media-text__media\"><img loading=\"lazy\" decoding=\"async\" width=\"662\" height=\"1024\" src=\"https:\/\/innerbeat.online\/wp-content\/uploads\/2023\/03\/WhatsApp-Image-2023-03-31-at-14.52.02-662x1024.jpeg\" alt=\"\" class=\"wp-image-3945 size-full\" srcset=\"https:\/\/innerbeat.online\/wp-content\/uploads\/2023\/03\/WhatsApp-Image-2023-03-31-at-14.52.02-662x1024.jpeg 662w, https:\/\/innerbeat.online\/wp-content\/uploads\/2023\/03\/WhatsApp-Image-2023-03-31-at-14.52.02-194x300.jpeg 194w, https:\/\/innerbeat.online\/wp-content\/uploads\/2023\/03\/WhatsApp-Image-2023-03-31-at-14.52.02-768x1187.jpeg 768w, https:\/\/innerbeat.online\/wp-content\/uploads\/2023\/03\/WhatsApp-Image-2023-03-31-at-14.52.02.jpeg 828w\" sizes=\"auto, (max-width: 662px) 100vw, 662px\" \/><\/figure><\/div>\n<\/div><\/div>\n\n\n\n<div class=\"wp-block-cover is-light\" style=\"min-height:784px;aspect-ratio:unset;\"><span aria-hidden=\"true\" class=\"wp-block-cover__background has-white-background-color has-background-dim-100 has-background-dim\"><\/span><div class=\"wp-block-cover__inner-container is-layout-flow wp-block-cover-is-layout-flow\">\n<h2 id=\"wp-block-themeisle-blocks-advanced-heading-4d089fd1\" class=\"wp-block-themeisle-blocks-advanced-heading wp-block-themeisle-blocks-advanced-heading-4d089fd1\">MATERIAL<\/h2>\n\n\n\n<div class=\"wp-block-media-text alignwide is-stacked-on-mobile\" style=\"grid-template-columns:32% auto\"><figure class=\"wp-block-media-text__media\"><img loading=\"lazy\" decoding=\"async\" width=\"682\" height=\"1024\" src=\"https:\/\/innerbeat.online\/wp-content\/uploads\/2023\/03\/WhatsApp-Image-2023-03-31-at-14.52.06-1-682x1024.jpeg\" alt=\"\" class=\"wp-image-3948 size-full\" srcset=\"https:\/\/innerbeat.online\/wp-content\/uploads\/2023\/03\/WhatsApp-Image-2023-03-31-at-14.52.06-1-682x1024.jpeg 682w, https:\/\/innerbeat.online\/wp-content\/uploads\/2023\/03\/WhatsApp-Image-2023-03-31-at-14.52.06-1-200x300.jpeg 200w, https:\/\/innerbeat.online\/wp-content\/uploads\/2023\/03\/WhatsApp-Image-2023-03-31-at-14.52.06-1-768x1153.jpeg 768w, https:\/\/innerbeat.online\/wp-content\/uploads\/2023\/03\/WhatsApp-Image-2023-03-31-at-14.52.06-1-1023x1536.jpeg 1023w, https:\/\/innerbeat.online\/wp-content\/uploads\/2023\/03\/WhatsApp-Image-2023-03-31-at-14.52.06-1.jpeg 1066w\" sizes=\"auto, (max-width: 682px) 100vw, 682px\" \/><\/figure><div class=\"wp-block-media-text__content\">\n<h2 id=\"wp-block-themeisle-blocks-advanced-heading-a5863386\" class=\"wp-block-themeisle-blocks-advanced-heading wp-block-themeisle-blocks-advanced-heading-a5863386\"><br>1. Un par de mancuernas de peso liviano de 7 a 10 libras<br>2. Una mancuerna de peso medio de 15 a 25 libras<br>3. Un par de deslizadores (o trapos de cocina)<br>4. Polainas<br>5. Kit de ligas de resistencia peque\u00f1as (Miniband)<br>6. Silla que resista tu peso de pie<br>7. Tapete<\/h2>\n<\/div><\/div>\n<\/div><\/div>\n<\/div><\/div>\n\n\n\n<div style=\"height:101px\" aria-hidden=\"true\" class=\"wp-block-spacer\"><\/div>\n\n\n\n<div class=\"wp-block-group\"><div class=\"wp-block-group__inner-container is-layout-constrained wp-block-group-is-layout-constrained\">\n<div class=\"wp-block-cover\" style=\"min-height:749px;aspect-ratio:unset;\"><span aria-hidden=\"true\" class=\"wp-block-cover__background has-black-background-color has-background-dim-100 has-background-dim\"><\/span><div class=\"wp-block-cover__inner-container is-layout-flow wp-block-cover-is-layout-flow\">\n<h2 id=\"wp-block-themeisle-blocks-advanced-heading-13f4e89c\" class=\"wp-block-themeisle-blocks-advanced-heading wp-block-themeisle-blocks-advanced-heading-13f4e89c\">CONOCE A TU COACH<\/h2>\n\n\n\n<div class=\"wp-block-media-text alignwide has-media-on-the-right is-stacked-on-mobile\" style=\"grid-template-columns:auto 44%\"><div class=\"wp-block-media-text__content\">\n<h2 id=\"wp-block-themeisle-blocks-advanced-heading-0475a9af\" class=\"wp-block-themeisle-blocks-advanced-heading wp-block-themeisle-blocks-advanced-heading-0475a9af\"><br>Soy Bessy Bello, mam\u00e1 de Paula y Leo; coach de entrenamiento funcional y en cambio de h\u00e1bitos con m\u00e1s de 12 a\u00f1os de experiencia. <br>Me apasiona el poder inspirar y motivar a las personas a llevar un estilo de vida saludable y disfrutar de los enormes beneficios que trae activar tu cuerpo, tu mente y tu alma. <br>Para m\u00ed, el ejercicio es meditaci\u00f3n en movimiento, es mi terapia y donde agradezco todo lo que mi cuerpo es capaz de lograr. <br> <\/h2>\n<\/div><figure class=\"wp-block-media-text__media\"><img loading=\"lazy\" decoding=\"async\" width=\"834\" height=\"1024\" src=\"https:\/\/innerbeat.online\/wp-content\/uploads\/2023\/03\/WhatsApp-Image-2023-03-30-at-20.41.41-834x1024.jpeg\" alt=\"\" class=\"wp-image-3907 size-full\" srcset=\"https:\/\/innerbeat.online\/wp-content\/uploads\/2023\/03\/WhatsApp-Image-2023-03-30-at-20.41.41-834x1024.jpeg 834w, https:\/\/innerbeat.online\/wp-content\/uploads\/2023\/03\/WhatsApp-Image-2023-03-30-at-20.41.41-244x300.jpeg 244w, https:\/\/innerbeat.online\/wp-content\/uploads\/2023\/03\/WhatsApp-Image-2023-03-30-at-20.41.41-768x943.jpeg 768w, https:\/\/innerbeat.online\/wp-content\/uploads\/2023\/03\/WhatsApp-Image-2023-03-30-at-20.41.41.jpeg 1042w\" sizes=\"auto, (max-width: 834px) 100vw, 834px\" \/><\/figure><\/div>\n<\/div><\/div>\n<\/div><\/div>\n\n\n\n<h2 id=\"testimonios\" class=\"wp-block-themeisle-blocks-advanced-heading testimonios\">Testimonios<\/h2>\n","protected":false},"excerpt":{"rendered":"","protected":false},"author":1,"featured_media":0,"parent":0,"menu_order":0,"comment_status":"closed","ping_status":"closed","template":"","meta":{"_EventAllDay":false,"_EventTimezone":"","_EventStartDate":"","_EventEndDate":"","_EventStartDateUTC":"","_EventEndDateUTC":"","_EventShowMap":false,"_EventShowMapLink":false,"_EventURL":"","_EventCost":"","_EventCostDescription":"","_EventCurrencySymbol":"","_EventCurrencyCode":"","_EventCurrencyPosition":"","_EventDateTimeSeparator":"","_EventTimeRangeSeparator":"","_EventOrganizerID":[],"_EventVenueID":[],"_OrganizerEmail":"","_OrganizerPhone":"","_OrganizerWebsite":"","_VenueAddress":"","_VenueCity":"","_VenueCountry":"","_VenueProvince":"","_VenueState":"","_VenueZip":"","_VenuePhone":"","_VenueURL":"","_VenueStateProvince":"","_VenueLat":"","_VenueLng":"","_VenueShowMap":false,"_VenueShowMapLink":false,"_themeisle_gutenberg_block_has_review":false,"footnotes":""},"class_list":["post-29","page","type-page","status-publish","hentry"],"_links":{"self":[{"href":"https:\/\/innerbeat.online\/index.php\/wp-json\/wp\/v2\/pages\/29","targetHints":{"allow":["GET"]}}],"collection":[{"href":"https:\/\/innerbeat.online\/index.php\/wp-json\/wp\/v2\/pages"}],"about":[{"href":"https:\/\/innerbeat.online\/index.php\/wp-json\/wp\/v2\/types\/page"}],"author":[{"embeddable":true,"href":"https:\/\/innerbeat.online\/index.php\/wp-json\/wp\/v2\/users\/1"}],"replies":[{"embeddable":true,"href":"https:\/\/innerbeat.online\/index.php\/wp-json\/wp\/v2\/comments?post=29"}],"version-history":[{"count":1,"href":"https:\/\/innerbeat.online\/index.php\/wp-json\/wp\/v2\/pages\/29\/revisions"}],"predecessor-version":[{"id":8867,"href":"https:\/\/innerbeat.online\/index.php\/wp-json\/wp\/v2\/pages\/29\/revisions\/8867"}],"wp:attachment":[{"href":"https:\/\/innerbeat.online\/index.php\/wp-json\/wp\/v2\/media?parent=29"}],"curies":[{"name":"wp","href":"https:\/\/api.w.org\/{rel}","templated":true}]}}